f 4 and 70860?
4
Calculate the greatest common divisor of 3771 and 198.
9
What is the highest common divisor of 578 and 1468409?
289
Calculate the greatest common factor of 155727 and 715.
143
Calculate the highest common divisor of 1322454 and 1932.
966
What is the highest common factor of 16006 and 61692?
106
Calculate the highest common divisor of 973 and 1218.
7
What is the greatest common factor of 106080 and 12?
12
Calculate the greatest common factor of 14425 and 50.
25
What is the highest common factor of 1177 and 8774?
107
Calculate the greatest common divisor of 17083763 and 137.
137
Calculate the greatest common factor of 33110 and 63140.
770
What is the greatest common divisor of 1820 and 479050?
130
Calculate the highest common divisor of 70312 and 4653.
517
What is the highest common divisor of 413 and 310045?
59
Calculate the highest common divisor of 57192 and 224.
8
Calculate the greatest common divisor of 196 and 33166.
14
What is the highest common divisor of 416260 and 208?
52
What is the greatest common divisor of 1512 and 14931?
189
What is the greatest common factor of 100440 and 9?
9
What is the highest common divisor of 148 and 574536?
148
Calculate the highest common divisor of 1774182 and 9456.
1182
What is the highest common divisor of 341 and 2496461?
341
What is the highest common factor of 46 and 5014?
46
What is the highest common factor of 177013 and 7?
1
What is the greatest common divisor of 1320 and 1232?
88
Calculate the greatest common factor of 32 and 1385568.
32
Calculate the highest common divisor of 14202 and 270.
54
What is the greatest common factor of 44 and 240658?
22
What is the greatest common factor of 3640 and 68?
4
What is the greatest common factor of 126697 and 468968?
1891
What is the greatest common divisor of 17712 and 38448?
432
Calculate the greatest common factor of 225 and 255725.
25
Calculate the greatest common divisor of 203431 and 2.
1
What is the greatest common divisor of 1738 and 7031?
79
Calculate the highest common factor of 728 and 1302392.
728
Calculate the greatest common factor of 3476 and 34056.
44
Calculate the highest common divisor of 1870 and 45730.
170
Calculate the greatest common factor of 398 and 668441.
199
Calculate the highest common factor of 6816 and 5792.
32
Calculate the greatest common factor of 191412 and 62168.
1636
Calculate the greatest common divisor of 8092024 and 383.
383
Calculate the greatest common factor of 3544 and 128470.
886
Calculate the highest common divisor of 27117 and 6624.
207
What is the highest common divisor of 678 and 534?
6
Calculate the highest common factor of 366 and 40791.
3
What is the greatest common factor of 58121 and 161?
161
Calculate the greatest common divisor of 28919 and 847.
121
Calculate the greatest common divisor of 637 and 549731.
637
Calculate the highest common factor of 6119162 and 28.
14
What is the greatest common divisor of 255 and 455685?
255
What is the greatest common divisor of 6846 and 749148?
978
Calculate the greatest common factor of 3838 and 30514.
38
Calculate the greatest common factor of 964 and 31571.
241
What is the greatest common divisor of 49 and 3388?
7
Calculate the highest common divisor of 12136 and 14104.
328
Calculate the greatest common factor of 1099 and 2653.
7
Calculate the greatest common divisor of 1639313 and 26.
13
Calculate the greatest common factor of 176970 and 18.
6
What is the greatest common factor of 61 and 130?
1
What is the highest common divisor of 22083 and 162375?
1299
What is the highest common factor of 548652 and 468?
156
Calculate the highest common divisor of 5734704 and 3552.
1776
Calculate the highest common factor of 247605 and 255.
255
What is the highest common divisor of 11726 and 374166?
1066
Calculate the greatest common divisor of 624 and 93444.
156
Calculate the highest common factor of 4 and 2084.
4
Calculate the greatest common divisor of 29610 and 4410.
630
What is the greatest common factor of 18 and 117765?
9
What is the greatest common divisor of 138662 and 10858?
178
What is the greatest common factor of 2344 and 206?
2
Calculate the greatest common divisor of 146949 and 4015.
803
What is the highest common divisor of 205304 and 66?
22
Calculate the greatest common divisor of 375 and 513375.
375
Calculate the highest common divisor of 1042602 and 11.
11
Calculate the greatest common factor of 64 and 89504.
32
Calculate the greatest common factor of 387 and 60415.
43
Calculate the highest common divisor of 9500 and 1824.
76
Calculate the greatest common factor of 528 and 891.
33
Calculate the highest common factor of 24453 and 63.
9
What is the highest common factor of 522 and 212367?
87
What is the greatest common factor of 2960 and 413290?
370
Calculate the highest common factor of 70340 and 320.
20
What is the highest common factor of 2484 and 3348?
108
What is the greatest common factor of 131082 and 1869?
21
Calculate the greatest common divisor of 84350 and 602.
14
Calculate the greatest common factor of 7408 and 112.
16
Calculate the highest common divisor of 693 and 18753.
21
What is the highest common divisor of 866 and 4566418?
866
What is the greatest common divisor of 5592 and 2568?
24
What is the greatest common factor of 7038 and 34221?
51
Calculate the highest common divisor of 1016 and 867156.
508
Calculate the greatest common divisor of 47 and 20351.
47
What is the highest common factor of 1652 and 91?
7
Calculate the greatest common divisor of 83258 and 1064.
266
Calculate the greatest common divisor of 1672 and 684.
76
What is the highest common divisor of 285 and 26106?
57
Calculate the highest common factor of 72 and 481224.
24
Calculate the greatest common divisor of 56 and 27304.
8
What is the greatest common factor of 38 and 559607?
19
What is the greatest common divisor of 69 and 63917?
23
Calculate the highest common divisor of 1034 and 1829663.
517
What is the highest common factor of 444 and 2004882?
222
What is the greatest common factor of 755587 and 7?
7
What is the greatest common divisor of 198 and 9054?
18
Calculate the greatest common divisor of 174 and 305312.
58
What is the greatest common factor of 5 and 4999?
1
Calculate the greatest common factor of 12 and 1284.
12
Calculate the highest common factor of 1060 and 7844.
212
Calculate the highest common factor of 46256 and 616.
56
What is the greatest common divisor of 18922 and 10?
2
What is the highest common divisor of 49 and 807688?
7
What is the highest common factor of 746317 and 88?
11
What is the greatest common divisor of 35344 and 32?
16
What is the greatest common factor of 1070 and 5770?
10
What is the highest common factor of 456 and 30536?
8
Calculate the highest common divisor of 2470 and 9139.
247
What is the greatest common divisor of 424 and 2631291?
53
What is the highest common factor of 154 and 24521574?
154
What is the greatest common divisor of 3103 and 5029?
107
What is the greatest common divisor of 281402 and 77?
11
What is the highest common factor of 1288 and 1708?
28
What is the highest common factor of 328 and 33128?
328
What is the highest common factor of 937 and 1884307?
937
Calculate the greatest common divisor of 164 and 22222.
82
Calculate the greatest common divisor of 45815 and 2261.
119
What is the highest common factor of 1208 and 1351148?
604
Calculate the highest common factor of 6416 and 520.
8
Calculate the highest common factor of 5264 and 16920.
376
What is the highest common factor of 74469 and 7725?
309
What is the highest common factor of 322 and 60018?
14
What is the greatest common factor of 60 and 20880?
60
What is the greatest common divisor of 11 and 60566?
11
Calculate the greatest common factor of 405 and 35085.
15
What is the highest common divisor of 40 and 206680?
40
What is the highest common factor of 38 and 2254654?
38
What is the highest common factor of 411 and 1781?
137
What is the highest common factor of 22 and 243298?
22
What is the greatest common factor of 18055 and 897?
23
What is the greatest common divisor of 829 and 2?
1
What is the greatest common divisor of 174584 and 1884?
628
Calculate the greatest common factor of 1345 and 786287.
269
Calculate the greatest common factor o